/(-4))/((-2)/28). Suppose 0 = 2*f + 23 + 21. What is the remainder when 43 is divided by (f/5)/((-14)/w)?
10
Suppose -r + 2 = 3*r - 3*f, 2*r = -4*f + 12. Let a(y) = y**3 - y**2 + y + 2. What is the remainder when 13 is divided by a(r)?
5
Let x = -55 + 85. Let j be (24/x)/(2/(-75)). Let t = j + 36. What is the remainder when 10 is divided by t?
4
Suppose 5*z - 2*d = 30, 2*d - 13 = -z + d. Suppose -56 = z*q - 12*q. Let r(w) = w**2 - 14*w + 7. Calculate the remainder when r(q) is divided by 3.
1
Let h(k) = -7*k**2 + 116*k - 7. Calculate the remainder when h(16) is divided by 32.
25
Let n(t) = t**3 + 6*t**2 - 8*t - 3. Let o be n(-7). Suppose -387 = k + d + 167, -o*k - 2224 = 2*d. What is the remainder when k/12*4/(-6) is divided by 17?
14
Suppose v - 3 = 1. Suppose a = -v*j - 0*j + 37, 2*a - 20 = -2*j. What is the remainder when 22 is divided by j?
4
Let f = 6 + -3. Let y(p) = 4*p - 2*p + 4*p + 10*p**2 + p + p**f. What is the remainder when 70 is divided by y(-9)?
16
Let y(z) be the first derivative of -z**2/2 + 5*z + 4. Let x be y(5). Suppose 4*g - 6 = -2, x = -u - 2*g + 31. What is the remainder when u is divided by 16?
13
Let i(k) = 26*k**2 + 2. Let m be i(-2). Suppose 0 = q + q - m. Calculate the remainder when q is divided by 11.
9
Let a be (-4)/(-20) - 3/15. Suppose -v + 73 + 67 = a. Suppose -8*i + 3*i = -v. What is the remainder when i is divided by 10?
8
Let g(d) = d**3 + 8*d**2 + 3*d - 10. Let w be (-2)/(3*10/105). Calculate the remainder when 71 is divided by g(w).
17
Suppose -4 = -d + 2*w, -3*d + 5*w = 4*w + 13. What is the remainder when 101 is divided by 104/6*d/(-4)?
23
Let v = -36 + 21. Let d = v + 18. Suppose -2*n = d*n - w - 239, 5*n = -2*w + 227. Calculate the remainder when n is divided by 13.
8
Suppose 296 = -5*s + 4*g, -3*s - 3*g = -8*s - 297. Calculate the remainder when 93 is divided by s*((-36)/15 - -2).
21
Let p(o) = 25*o**2 + 3*o + 24. Calculate the remainder when p(6) is divided by 41.
40
Let p(n) = n**2 + 16*n + 13. Let h be p(-6). Let l = h - -80. Calculate the remainder when l is divided by 17.
16
Suppose -4*q + 130 = -26. What is the remainder when q is divided by 10?
9
Suppose -24*w - 306 = -41*w. Calculate the remainder when 176 is divided by w.
14
Let b(s) = 2*s + s**3 + 1 + 10*s + 16*s**2 - 26*s**2. What is the remainder when b(9) is divided by 10?
8
Let q(k) = 67*k**2 - 1. Let v be q(1). Suppose 2*c - v = 108. Calculate the remainder when c is divided by 23.
18
Let k = -3988 + 4114. Suppose 3*a - 81 = 3*g, 4*g = -0*a - 3*a + 116. What is the remainder when k is divided by a?
30
What is the remainder when 177/472 - (-1658)/16 is divided by 18?
14
Suppose 4*i = 4*b + 6*i - 186, 2*b - 83 = -3*i. Calculate the remainder when b is divided by ((-70)/(-25))/((-2)/(-10)).
7
Suppose -4*w - 3*a - 7 = -25, 0 = -4*w - a + 14. What is the remainder when (-3 + w/2)*-6 is divided by 2?
1
Let y = 109 - 30. Let u be 51*1 + (-9)/(-3). Suppose 2*o + 3*o = q - 30, 0 = 3*q + 3*o - u. Calculate the remainder when y is divided by q.
19
What is the remainder when 85 is divided by (-4 - -8 - -19) + (4 - 2)?
10
Suppose -11*z = -7*z - 60. Suppose -4*x + 4 = -8. Calculate the remainder when z is divided by x + (-3)/(-1) + 2.
7
Suppose 0 = -5*d + 2*d + 423. Let o = -717 - -742. Suppose -2*b = -d - o. What is the remainder when b is divided by 28?
27
Let i(d) = d**2 + 26*d - 84. Calculate the remainder when 45 is divided by i(4).
9
Suppose p + 5*r + 0*r - 31 = 0, 5*r - 42 = -2*p. Suppose -p*v - 525 = -16*v. Suppose -t = 3*t - 108. What is the remainder when v is divided by t?
24
Suppose 30*l - 1000 = -10*l. Calculate the remainder when l is divided by 14.
11
Suppose -5*y = 3*v - 64, 3*y - y = 3*v + 13. Suppose y*l - 143 = -0*l. What is the remainder when 46 is divided by l?
7
Let j(l) = 1 - l**3 + 8*l + 0 - l. Suppose 2*x + x - 12 = q, -x + 18 = -5*q. Calculate the remainder when 11 is divided by j(q).
4
Suppose -132 - 141 = -13*p. Let o = -11 + p. What is the remainder when 38 is divided by o?
8
Let p = 5 - 3. Suppose -p = -s + 3*s. What is the remainder when ((-3)/(-6))/(s/(-74)) is divided by 13?
11
Let z(r) = -r**3 + 10*r**2 - 13*r - 1. What is the remainder when z(8) is divided by 1/(38/(-18)*-1 - 2)?
5
Suppose -16*t + 340 = -14*t. Calculate the remainder when t is divided by 20.
10
Let l(b) = -b**3 - 3*b**2 - b + 4. Let x = -75 + 29. Let w = x + 66. What is the remainder when w is divided by l(-3)?
6
Let u = 14 + -12. Suppose y - 227 = -3*g, -3*g - 2*g + u*y + 382 = 0. What is the remainder when g is divided by 7?
6
Let l = 252 - 237. What is the remainder when 67 is divided by l?
7
Suppose -5*q = f - 27 - 22, -q + 13 = -3*f. What is the remainder when (-98)/(-4)*40/70 is divided by (-2)/q + (-80)/(-25)?
2
Let d(z) = -z**3 + 7*z**2 + 4*z - 37. Calculate the remainder when 134 is divided by d(4).
26
Let l(m) = 6*m - 25. Let w be l(4). What is the remainder when (-134)/6*(0 - (4 + w)) is divided by 17?
16
Suppose 3*y - 100 = b - 153, -4 = 4*y. What is the remainder when 1697 is divided by b?
47
Let a(m) = -3*m**3 - 3*m**2 + m + 2. Let q be a(-2). Let r = 14 + q. Suppose 10*h - 12*h + r = 0. Calculate the remainder when 23 is divided by h.
10
Suppose 0 = -5*i + 24 + 6. Let q = 10 - 6. Suppose q*x + 22 = 2*o - 0, 0 = -4*o - 4*x + 44. Calculate the remainder when o is divided by i.
5
Suppose 4*g - 6*g + o + 67 = 0, -4*g = 5*o - 113. Calculate the remainder when 125 is divided by g.
29
Suppose 0 = 5*b + 19 - 9. Let g(l) = -14*l - 5. Calculate the remainder when 45 is divided by g(b).
22
Let c(k) = -21*k - 564. Calculate the remainder when 132 is divided by c(-29).
42
Suppose -4*z + 352 = 4*v, 6*z - 2*v = 7*z - 93. What is the remainder when z is divided by 25?
8
Let o be (((-1260)/(-16))/(-7))/((-2)/24). Let c = o - 111. Calculate the remainder when 94 is divided by c.
22
Suppose 160 = 4*h + 2*c, -5*c - 230 = h - 6*h. What is the remainder when -332*3/12*-2 is divided by h?
40
Let q = 591 + -538. What is the remainder when q is divided by 23?
7
Suppose 52 = 4*p - 2*h, -4*p = -3*p - 2*h - 7. Suppose -7*n + 3*n = -4. Calculate the remainder when 6/(1 + n)*9 is divided by p.
12
Suppose j + 0 - 80 = 0. Suppose -2*b = b - 210. Let a = b - 43. Calculate the remainder when j is divided by a.
26
Let j = -477 - -527. Let q = 48 - 30. What is the remainder when j is divided by q?
14
Suppose -39*z + 2760 - 2448 = 0. Let r = -79 + 158. Calculate the remainder when r is divided by z.
7
Let h(v) = v**2 - 5*v - 11. Let c be h(11). Suppose 5*n = -g + 249, 3*n + 5*g = 4*n - c. Calculate the remainder when n is divided by 26.
24
Let c(v) = 5*v**2 + 2*v. Let s be c(-4). Suppose 2*b = -3*y - s, y = -2*b - 14 - 6. Let a = y - -61. What is the remainder when a is divided by 9?
8
What is the remainder when 61 is divided by (300/90)/(2/9)?
1
Let h = -7 + 12. Suppose 1 = -2*o - 9, 13 = -3*k - h*o. What is the remainder when 41 is divided by 10/k*210/25?
20
Let o(y) = y**3 + 6*y**2 - 9*y - 10. Let q be -4 - (-3)/6*-6. Suppose -16 - 32 = -4*i. What is the remainder when i is divided by o(q)?
0
Suppose 4*w - 4*u - 23 - 49 = 0, -2*u + 33 = w. Calculate the remainder when 66 is divided by w.
20
Let h = 84 + -84. Calculate the remainder when 9 is divided by -7 + 10 - (1 - (h + 2)).
1
Let i(b) = -b**2 - 3*b + 2. Let k be i(-2). Let o be 269 - 0 - (-5 + k). Suppose -5*p = -0*p - o. Calculate the remainder when p is divided by 14.
12
Let i(s) = -15 - 3*s + 3 + 4*s + 2*s. Suppose g + 23 = -2*r + 73, -3*g = -3*r + 57. Calculate the remainder when r is divided by i(8).
11
Let x(g) = 2*g**2 + 32*g - 100. What is the remainder when 180 is divided by x(3)?
12
Let i(u) = u**2 + 6*u + 6. Let y be i(-6). Suppose 4*v = 7*v - y. Suppose o = 3*w + 29, -58 - v = -5*o - 2*w. What is the remainder when 27 is divided by o?
13
Let z(q) = -q**2 - 7*q + 10. Let v be z(-10). Let t be 204/v - 2/(-10). Let c = t - -21. Calculate the remainder when c is divided by 3.
2
Let q be (-36)/27*117/(-6). Suppose -4*w - q = -5*m, w = 4*m - 2*m - 11. Calculate the remainder when 34 is divided by m.
4
Let t = 53 + -51. Let k(i) = 23*i**2 + 4*i + 1. Let d be k(-3). Suppose -4*h = h + t*z - d, 3*h = -3*z + 123. Calculate the remainder when h is divided by 13.
12
Suppose -4*c - c - 270 = -2*x, 0 = -4*x + 5